se -10*s + 14*s - 132 = 0. What is the greatest common factor of 33 and s?
33
Let o(h) = -6*h**3 - 5*h**2 - 3*h + 2. Let q be o(-2). What is the greatest common divisor of 27 and q?
9
Suppose -12 = -3*i - 3. Suppose -i*y - 4*q + 27 = -109, -10 = 2*q. Calculate the greatest common factor of 13 and y.
13
Suppose 729 = 5*l - 2*r - 103, 669 = 4*l - 5*r. What is the greatest common factor of l and 2?
2
Let s(n) = 2*n**3 - 2*n - 5*n - 6 + 309*n**2 - 316*n**2. Let k be s(7). Calculate the greatest common factor of 32 and k.
32
Let g = -545 + 579. What is the greatest common factor of g and 34?
34
Suppose 0 = z + 6 - 8. Let h(m) = m**3 - 4. Let f be h(z). Suppose f*l = 2*v - 144, 0 = -3*v + 8*v - 4*l - 354. What is the greatest common divisor of v and 28?
14
Let g be 6/9 - 1/(-3). Let k be 1 - (g - 1*68). Suppose -97*n = -114*n + 1734. What is the greatest common factor of k and n?
34
Suppose -5*q - r - 9 + 82 = 0, 5*r - 1 = q. Suppose -3*c = -2*g - 189, 5*c + 3*g - 5*g = 319. Let l = c + -63. What is the highest common factor of l and q?
2
Suppose -68*j = -28*j - 13000. What is the highest common factor of j and 50?
25
Suppose -25 = -8*l + 7*l. Let y = l + -18. Let o(a) = -a**2 + 7*a + 1. Let p be o(y). Calculate the highest common factor of 1 and p.
1
Let v(m) = 2*m**2 + 16*m - 12. Let h be v(-15). Let z = 75 + -131. Let n = -34 - z. What is the greatest common factor of h and n?
22
Let c = 24 - 21. Suppose 46 = -y + c*y. Calculate the greatest common divisor of 115 and y.
23
Suppose 5313 + 1375 = 16*v. What is the greatest common factor of v and 22?
22
Suppose -1 + 37 = 2*h. Let o(l) = -4*l + 6. Let q = 55 + -58. Let j be o(q). Calculate the greatest common factor of j and h.
18
Suppose -256*g - 28 = -263*g. What is the greatest common factor of 18 and g?
2
Let g = 119 - 74. Calculate the highest common factor of g and 105.
15
Let c be (-12)/(-4) - (-3 - -177)/(-6). Let u(d) = -d**2 + 8*d + 1. Let s be u(5). Calculate the highest common divisor of c and s.
16
Suppose 3*m + 3*u - 7*u = 582, -5*u = -m + 183. Let g = 34 + -12. What is the highest common divisor of m and g?
22
Suppose -h + 3*h + 96 = 0. Let a = -32 - h. Let f be (-382)/(-8) + 1/24*6. Calculate the highest common factor of a and f.
16
Let v be 8*27/2*3/9. Calculate the greatest common factor of 18 and v.
18
Suppose -w + 2*y + 20 = 0, -2*w - y = -0*w - 35. Let p = -38 - -292. Suppose -2*i - 2 = -p. What is the highest common divisor of i and w?
18
Let w = -132 + 234. Calculate the highest common divisor of 6 and w.
6
Let w(b) = -4*b. Let q be w(-9). Let c = q + 26. Let h = -28 + c. What is the highest common factor of 51 and h?
17
Let y(j) = j**3 + 8*j**2 - 4*j - 7. Let t be y(-7). Calculate the greatest common divisor of 385 and t.
35
Suppose 0 = -s + 93 + 101. Suppose -3*v + 158 = -v. Let d = s - v. What is the greatest common factor of d and 23?
23
Let j be (-1 - ((-132)/28 - -2))*7. Let p = -4 + j. Calculate the highest common factor of p and 128.
8
Let m be 2/(-12) + (-50)/(-12). Suppose -1 = -m*c + 7. Let f(b) = b**3 - 10*b**2 + 9*b + 1. Let h be f(9). Calculate the greatest common factor of c and h.
1
Suppose -2*q + 3*q - 2 = 0. Suppose -q*o + 5 = -3. Let f be 4/(o/(-3)) + 25. What is the highest common factor of 33 and f?
11
Suppose f - 22 = 77. Suppose -b = -79 - 0. Let o = b + -68. What is the greatest common factor of f and o?
11
Suppose 1019 - 7019 = -5*w. Calculate the greatest common divisor of w and 96.
48
Let n(w) = 25*w**2 - w - 1. Let h be n(-1). Let o be 15*(3 + (-35)/h). What is the greatest common factor of 120 and o?
24
Suppose 0 = 3*i - 12*z + 13*z - 99, 0 = 2*i - 5*z - 66. What is the highest common divisor of 121 and i?
11
Let j = -8 - -7. Let i be 11/(j/12*-4). Let y = -72 - -75. Calculate the greatest common factor of y and i.
3
Let p = 2 + 0. Suppose -4 = -p*l, -4*g + 4*l = -0*l - 192. Calculate the greatest common divisor of g and 10.
10
Suppose 0 = 2*d + 10, -2*g + 123 + 106 = -d. What is the greatest common factor of 16 and g?
16
Let q be (24/(-9))/((-4)/6). Suppose 107 = q*o - 13. Calculate the greatest common divisor of o and 30.
30
Let x = 13 + -15. Let l(c) = c + 2. Let j be l(x). Suppose 5*p + 4*f - 67 = 0, j = 5*p - 0*f + 2*f - 61. Calculate the greatest common divisor of 88 and p.
11
Suppose -550*p = -549*p - 112. What is the highest common divisor of 504 and p?
56
Suppose -2*l - g - 29 = 2*l, -2*l - g - 15 = 0. Let a = l - -14. Suppose -a*m = -5*m - 18. What is the greatest common factor of 81 and m?
9
Suppose -5*b - 37 = -v, 4*v + 3*b - 5*b - 58 = 0. Calculate the highest common divisor of v and 3.
3
Suppose -j + 4*x + 140 = 0, -4*j + 5*x + 500 = x. Let u be ((-1)/(-2))/(1/(-10)). Let c be (1 - 2)/(u/j). Calculate the highest common factor of c and 6.
6
Let p = 64 - 800. Let q be p/(-52) + 12/(-78). What is the highest common factor of 7 and q?
7
Let z = 11 + -6. Let l(a) = a**3 - a**2 - 10*a - 2. Let c be l(z). Calculate the greatest common divisor of c and 6.
6
Suppose -4*x + 34 = 6. Suppose x*j + 0*j = 112. Calculate the highest common divisor of 24 and j.
8
Let a(l) = 8*l + 30. Let h be a(5). What is the highest common divisor of 84 and h?
14
Suppose -3*n - 15 = -6*n. Let a(w) = 8*w**2 + 4*w - 4. Let i be a(2). Let v be (-50)/(-3)*i/15. What is the highest common factor of v and n?
5
Suppose 5*r = -10 + 5, 0 = l - 5*r - 155. What is the highest common divisor of l and 5?
5
Let n(l) = 210*l**3 + l + 1. Let v be n(2). Let t = v - 428. Let z be 3/6 - t/(-10). What is the greatest common divisor of z and 18?
18
Let v = -5 + 8. Suppose 0 = 80*u - 5*u - 1500. Suppose -u = -8*b + v*b. What is the highest common factor of 32 and b?
4
Let l = 89 - 52. Let k = 73 - l. Suppose 0 = 2*a + 6*s - 3*s - 8, 12 = 3*a - s. What is the greatest common divisor of a and k?
4
Suppose 34*s - 1974 = 678. What is the highest common factor of s and 6?
6
Let k be -851*(8 + -3 - 6). Calculate the highest common divisor of k and 37.
37
Let p(o) = 2*o + 5. Let x be p(4). Let s be -1 + (-184)/(-3 - -1). Suppose -2*t + 3*t - s = 0. What is the highest common divisor of x and t?
13
Suppose n = 0, -6*n - 3120 = -2*l - n. Calculate the highest common divisor of 30 and l.
30
Let m(x) = x**3 + 12*x**2 - 17*x - 24. Let j be m(-12). Calculate the highest common divisor of 72 and j.
36
Let x(q) = 2*q**3 - 11*q**2 + 6*q - 21. Let i be x(9). Let l be i/18 - 1/3. What is the highest common divisor of 11 and l?
11
Suppose 0 = 5*o - 1 - 9. Let g be o + (-196)/(-3 + 1). Let x be -51*(-8)/20 - (-6)/(-15). Calculate the highest common divisor of x and g.
20
Let g = -587 + 603. Let h = 0 + 2. Calculate the greatest common factor of h and g.
2
Let p = 685 + -477. What is the greatest common factor of 16 and p?
16
Suppose 3*z = 12*m - 10*m - 872, 1780 = 4*m + 3*z. What is the highest common factor of 51 and m?
17
Suppose 0 = -17*n + 12*n + 380. Let c = n + 5. What is the highest common factor of c and 9?
9
Let r = -6 + 20. Suppose 16*u - 3360 = -64*u. What is the highest common divisor of r and u?
14
Let f = -41 - -48. Suppose -s + 31 = -4*l - 12, -5*s + 4*l + 151 = 0. Suppose 2*u = s - f. Calculate the greatest common factor of 110 and u.
10
Suppose -5*b = 0, -w + 2 + 1 = b. Suppose w*z - g - 183 = 0, -2*z + 55 = g - 62. What is the highest common divisor of 15 and z?
15
Let q = -61 - -55. Let r be 4 + q + -1 - -47. What is the highest common divisor of r and 4?
4
Let j be 5/25 + 8/10. Let l = j - -1. Let d(s) = 4*s**2 - s - 2. Let h be d(l). Calculate the highest common divisor of 30 and h.
6
Let q(p) = -p**2 + 12*p + 55. Let s be q(0). Calculate the highest common factor of s and 176.
11
Let h(s) = s**2 + 5*s + 9. Let o be h(-4). Suppose 0 = -o*k + 32 + 13. Calculate the greatest common factor of 72 and k.
9
Let t = 425 + 1309. What is the greatest common factor of t and 102?
102
Let u = 7 + 15. Let w = -30 + 24. Let y be (22/w)/((-5)/90). What is the greatest common divisor of u and y?
22
Let v be 38/(-8)*(3 - 7). Let n = -27 + v. Let c = 12 + n. Calculate the greatest common divisor of c and 32.
4
Suppose 0 = -3*h - 4*f + 1736, -10*h - 2884 = -15*h - 2*f. Calculate the greatest common divisor of h and 9.
9
Let w = 529 - -758. Calculate the greatest common factor of 117 and w.
117
Let d